ppose 2*d - 37 - b = 0. What is the remainder when d is divided by y?
21
Let y = -44 - -81. What is the remainder when y is divided by 13?
11
Let q = -5 + 35. Suppose 2*v - 4*z = 12, -v + z = 5*z - q. Suppose 3*g = -5*t + 142, 3*t + 2*g - 4*g - 70 = 0. Calculate the remainder when t is divided by v.
12
Suppose 0*o + 4 = 4*o. What is the remainder when 1/((-3)/(-90)*o) is divided by 11?
8
Suppose -3*s = s - 36. Calculate the remainder when 17 is divided by s.
8
Suppose -5*n - 93 = -8*n. What is the remainder when n is divided by 8?
7
Suppose -2*j - 9 = -5*r, -4*r - 4 = -2*r + 3*j. What is the remainder when (43 - r)*(-12)/(-8) is divided by 22?
19
Suppose -5*j + 2*j = 4*a + 4, 0 = -3*a + j + 10. Let y be a - (6 - -2 - -2). Calculate the remainder when (30/y - -1)*-4 is divided by 6.
5
Let m = 3 + -1. Suppose 5*y - 20 + 2 = -3*d, 4*y - 10 = m*d. Suppose -5*t + 21 = -a + 5*a, 0 = 5*t - 3*a + 7. What is the remainder when d is divided by t?
0
Suppose 0 = -19*g + 20*g - 40. Let a = 5 - 0. Suppose 0 = 2*j - z - 19 - 14, 0 = z + a. Calculate the remainder when g is divided by j.
12
Let j(x) = x**2 + 18*x + 12. What is the remainder when j(-19) is divided by 16?
15
Let m = 11 - 2. What is the remainder when 34 is divided by m?
7
Let j(d) = -d**3 - 7*d**2 - 9*d - 5. Calculate the remainder when j(-6) is divided by 5.
3
Suppose 0 = -4*s - s + 15. Suppose -5*u = y, 3*u = -3 - s. What is the remainder when y is divided by 4?
2
What is the remainder when (-64)/(-42)*54 + (-2)/7 is divided by 14?
12
Suppose 5*d + 3*y - 225 = 0, d + 4*y - 180 = -3*d. Calculate the remainder when d is divided by 16.
13
Let f(t) = -3*t + 40 + 4*t + 30. Let j be f(0). Suppose -r + j = 4*r. What is the remainder when 26 is divided by r?
12
Suppose -7*k = -9*k + 48. Suppose -2*b + 3*b - 70 = 0. Calculate the remainder when b is divided by k.
22
Suppose -w + 4*r + 18 = 0, 4*w - r - 42 = 15. What is the remainder when 25 is divided by w?
11
Suppose 3*i - 912 = -4*k, 4*k - 9*k = -4*i - 1171. Calculate the remainder when k is divided by 13.
10
Let o(i) = -i + 1. Let z be o(3). Let f(h) = 6*h**2 - 3*h - 2. Suppose 2*n = 28 - 8. What is the remainder when f(z) is divided by n?
8
Let f(x) = 5*x**2 - x + 3. What is the remainder when 47 is divided by f(-2)?
22
Let a(m) = -m**3 - 5*m**2 - 5*m - 2. Let l be a(-4). What is the remainder when 33 is divided by 0 - l - 0 - -11?
6
Let d(c) = -24*c - 1. Let y(o) = -o**3 - 29*o**2 - 55*o - 15. What is the remainder when d(-1) is divided by y(-27)?
11
Let x(h) = 82*h - 1. What is the remainder when x(1) is divided by (-1)/(-5) + (1 - 693/(-35))?
18
Let i be 4*-3*(-5)/(-2). Let g(x) = x**2 + 4*x + 6. Let l be g(-9). Let s = i + l. What is the remainder when s is divided by 11?
10
Suppose 9*z - 735 = 687. Calculate the remainder when z is divided by 40.
38
Suppose c - 2*p - 11 - 4 = 0, 5*c = -5*p + 105. Calculate the remainder when 91 is divided by c.
15
Let x be (-12)/8*(-12)/9. Suppose -r = x*r + 3*f - 18, -4*f + 6 = -5*r. What is the remainder when (1*(3 - 0))/1 is divided by r?
1
Let p = 29 - 26. What is the remainder when 9 is divided by p?
0
Let l = -40 - -77. Let r(g) = g + 13. Calculate the remainder when l is divided by r(0).
11
Let a be -4*(-2)/6*-3. Suppose 5*h = -2*b + 33, 5*b - 5*h - 32 = 33. Calculate the remainder when ((-39)/a)/(9/24) is divided by b.
12
Suppose 0 = 3*v - 2 - 7. What is the remainder when 12/(v/(-12) + 1) is divided by 6?
4
Suppose 0 = -w + 6 + 8. Let b = -6 + 6. Suppose b = 4*h - 3*h - 8. What is the remainder when w is divided by h?
6
Let t(z) = 2*z**2 - z - 3. Suppose -10*p = -3*p - 49. Calculate the remainder when t(3) is divided by p.
5
Let n = 12 + -5. Suppose 4*h - 4*q - 36 = 0, 3*h - 14 - 34 = -4*q. Let p = h + -8. Calculate the remainder when n is divided by p.
3
Let i = -46 - -77. Suppose 0 = -4*q + 3*m + 2, -q + 3*m = 6 - 2. What is the remainder when i is divided by 16/(-4)*(0 - q)?
7
Let d = 28 + -18. What is the remainder when 58 is divided by d?
8
Let j = 65 + 52. What is the remainder when j is divided by 40?
37
Let h(r) = 3 + 0 - 4*r - 7 - r. What is the remainder when h(-8) is divided by 13?
10
Suppose -a + 38 = -4*o, -5*a + 190 + 69 = 3*o. Let b(w) = 8*w**2 - 2*w - 2. What is the remainder when a is divided by b(2)?
24
Let n(q) = -q**3 + 7*q**2 + 10*q - 2. Let a(j) = 3*j**2 - 6*j - 5. Suppose 5*b - 4*b - 5 = 0. Calculate the remainder when a(b) is divided by n(8).
12
Let r = 120 + -111. Calculate the remainder when r is divided by 6.
3
Suppose -4*u = 3*f - 40, -5*u - 3*f + 6*f + 50 = 0. Calculate the remainder when 18 is divided by u.
8
Let l be 0 - (-6 + -3 + 6). Suppose -l*d + 40 = -2. What is the remainder when 41 is divided by d?
13
Let k = 104 + -37. What is the remainder when k is divided by 14?
11
Let n(i) = -i + 3. Let m = 7 + -18. What is the remainder when 39 is divided by n(m)?
11
Suppose 17 = 4*l + c - 8, 0 = -4*l - 5*c + 13. Calculate the remainder when 18 is divided by l.
4
Suppose 0 = -2*q + 3*q - 43. Let w(t) = -t**2 + t + 2. Let h be w(-2). Let i(c) = 2*c**2 + 3*c - 5. Calculate the remainder when q is divided by i(h).
13
Let r = -146 - -176. Suppose 5*l + 4 = -i + 48, 32 = 2*l + 4*i. Calculate the remainder when r is divided by l.
6
Let p = -23 - -26. Suppose -p*h = 2*h - 285. What is the remainder when h is divided by 10?
7
What is the remainder when 88 is divided by 12/(-1)*(-105)/42?
28
Suppose -d - 3*d + 20 = 0. Suppose -c + 45 = 3*c + n, 0 = 3*c + d*n - 38. Calculate the remainder when (-2)/3 - 98*(-2)/6 is divided by c.
10
Let w(g) = g + 9. Let j be w(-7). Suppose -j*o + 1 = 2*u - 15, -u = -5. What is the remainder when 8 is divided by o?
2
Suppose -9*s + 82 + 26 = 0. What is the remainder when 34 is divided by s?
10
Let h = -1147 + 802. Suppose -3*w + 15 = -4*s - 5, 0 = -2*w - 2*s + 18. Calculate the remainder when h/(-10)*2/3 is divided by w.
7
Let r = 77 + 9. Calculate the remainder when r is divided by 11.
9
Let z(u) = 2*u + 8. Let m be z(-7). Let r(q) = q**2 + 6*q + 8. What is the remainder when 23 is divided by r(m)?
7
Let h = -54 - -93. Calculate the remainder when h is divided by 10.
9
Let z = 89 - 67. Calculate the remainder when 49 is divided by z.
5
Let j(q) = 5*q + 22. Calculate the remainder when j(10) is divided by 25.
22
Suppose -4*d + 86 = 26. Calculate the remainder when 73 is divided by d.
13
Suppose -p - 3*p = 0, 3*p = -3*d + 168. What is the remainder when d is divided by 19?
18
Let r(j) = 3*j**2 - j - 1. Let p be r(3). Let u be 14*(1/2 + 0). Suppose -4*o = t - o - u, p = t - 5*o. What is the remainder when 25 is divided by t?
12
Suppose -3*c + 8*c = 3*r - 39, -2*r + 5*c + 31 = 0. What is the remainder when 26 is divided by r?
2
Suppose -a - a + 112 = 0. Let c = 100 - a. What is the remainder when c is divided by 9?
8
Let h = -64 + 45. Calculate the remainder when 50 is divided by 1/(-1)*(h + 2).
16
Let q be 12/(-30)*(-10)/2. What is the remainder when (-75)/(-2) - q/(-4) is divided by 10?
8
Let f(d) = d**3 + d**2 - 6*d - 1. Let c be f(-3). Let g = c + 6. What is the remainder when 12 is divided by g?
2
Suppose 0 = 5*k - 7*k + 54. What is the remainder when k is divided by 7?
6
Let i be 23 - -3*(-2 + 1). Suppose -4*p + 6*p - i = 0. What is the remainder when p is divided by 4?
2
Let d = 15 + -17. Calculate the remainder when 28 is divided by (d + 0)/(-1) - -13.
13
Let w = 6 - 2. Suppose -1 = -2*t + 3. What is the remainder when w is divided by t?
0
Let r(d) = 9*d + 1. Let c(k) = -10*k. Let i(u) = -5*c(u) - 6*r(u). Suppose 4*l + 16 = -0. Calculate the remainder when i(l) is divided by 4.
2
Let f(x) = 2*x**2 + 11*x + 26. What is the remainder when 52 is divided by f(-4)?
10
Let v(a) = -a**3 - 12*a**2 + 9*a - 6. Calculate the remainder when v(-13) is divided by 8.
6
Suppose 0 = -2*h + 1 + 1. Let d be -16*(h - (-21)/(-12)). Calculate the remainder when 3 is divided by 3/d - 14/(-8).
1
Let u = 8 - 18. Let h = 69 - 39. Calculate the remainder when h is divided by ((-16)/u)/(4/40).
14
Let o(c) = c**3 + 2*c**2 - c. Let j = 5 + -1. Suppose 2*z + 6 = j*z. What is the remainder when z is divided by o(1)?
1
Suppose 0 = 3*h - 2*h - 10. What is the remainder when 39 is divided by h?
9
Let h(l) = 2*l**2 - 4*l - 8. What is the remainder when 35 is divided by h(5)?
1